inder when 4705 is divided by 2190.
325
Calculate the remainder when 890 is divided by 180.
170
Calculate the remainder when 1232 is divided by 501.
230
What is the remainder when 2735 is divided by 498?
245
Calculate the remainder when 745 is divided by 47.
40
What is the remainder when 6840 is divided by 1024?
696
Calculate the remainder when 9967 is divided by 1993.
2
What is the remainder when 39501 is divided by 39499?
2
Calculate the remainder when 19903 is divided by 9948.
7
What is the remainder when 9520 is divided by 4752?
16
Calculate the remainder when 18664 is divided by 131.
62
What is the remainder when 129625 is divided by 18517?
6
What is the remainder when 4501 is divided by 2250?
1
Calculate the remainder when 780 is divided by 741.
39
Calculate the remainder when 46235 is divided by 370.
355
Calculate the remainder when 2146 is divided by 1067.
12
Calculate the remainder when 539677 is divided by 269837.
3
Calculate the remainder when 852062 is divided by 11672.
6
What is the remainder when 555 is divided by 147?
114
What is the remainder when 7258 is divided by 291?
274
Calculate the remainder when 4688 is divided by 1169.
12
Calculate the remainder when 2477 is divided by 158.
107
Calculate the remainder when 6083 is divided by 826.
301
What is the remainder when 1806 is divided by 123?
84
What is the remainder when 17953 is divided by 419?
355
Calculate the remainder when 787468 is divided by 822.
814
Calculate the remainder when 106778 is divided by 98.
56
What is the remainder when 6902 is divided by 288?
278
What is the remainder when 33650 is divided by 510?
500
What is the remainder when 2246 is divided by 745?
11
Calculate the remainder when 379 is divided by 191.
188
What is the remainder when 3200 is divided by 288?
32
What is the remainder when 1256998 is divided by 7142?
6
What is the remainder when 121305 is divided by 3110?
15
Calculate the remainder when 2863 is divided by 948.
19
Calculate the remainder when 25424 is divided by 1014.
74
What is the remainder when 1855 is divided by 804?
247
Calculate the remainder when 638 is divided by 400.
238
Calculate the remainder when 66902 is divided by 221.
160
What is the remainder when 470983 is divided by 11?
7
Calculate the remainder when 8788 is divided by 803.
758
Calculate the remainder when 3735 is divided by 1011.
702
What is the remainder when 92312 is divided by 3846?
8
What is the remainder when 5200 is divided by 18?
16
Calculate the remainder when 57019 is divided by 132.
127
Calculate the remainder when 707 is divided by 25.
7
What is the remainder when 2139299 is divided by 24?
11
Calculate the remainder when 442252 is divided by 16.
12
Calculate the remainder when 1839 is divided by 603.
30
Calculate the remainder when 222306 is divided by 1532.
166
What is the remainder when 2430 is divided by 531?
306
Calculate the remainder when 87765 is divided by 22.
7
Calculate the remainder when 731012 is divided by 680.
12
Calculate the remainder when 14001 is divided by 1750.
1
What is the remainder when 8034 is divided by 23?
7
Calculate the remainder when 98786 is divided by 445.
441
Calculate the remainder when 101093 is divided by 59.
26
What is the remainder when 15443 is divided by 4454?
2081
What is the remainder when 61497 is divided by 20497?
6
Calculate the remainder when 203091 is divided by 62.
41
Calculate the remainder when 15461 is divided by 352.
325
Calculate the remainder when 3929 is divided by 3606.
323
Calculate the remainder when 2435 is divided by 608.
3
Calculate the remainder when 145858 is divided by 32.
2
Calculate the remainder when 1906 is divided by 282.
214
What is the remainder when 2101049 is divided by 414?
413
Calculate the remainder when 10870 is divided by 5402.
66
Calculate the remainder when 13851 is divided by 56.
19
What is the remainder when 2996 is divided by 444?
332
What is the remainder when 3022 is divided by 598?
32
What is the remainder when 16716 is divided by 2384?
28
What is the remainder when 21205 is divided by 7049?
58
What is the remainder when 47341 is divided by 910?
21
Calculate the remainder when 24462 is divided by 3051.
54
What is the remainder when 457513 is divided by 45?
43
Calculate the remainder when 784 is divided by 725.
59
Calculate the remainder when 36401 is divided by 12129.
14
What is the remainder when 18026 is divided by 1385?
21
What is the remainder when 5480 is divided by 114?
8
Calculate the remainder when 1293215 is divided by 59.
53
Calculate the remainder when 16337 is divided by 4952.
1481
Calculate the remainder when 217541 is divided by 606.
593
What is the remainder when 32316 is divided by 1113?
39
Calculate the remainder when 3696 is divided by 206.
194
Calculate the remainder when 69238 is divided by 37.
11
Calculate the remainder when 233437 is divided by 8.
5
What is the remainder when 3446 is divided by 19?
7
Calculate the remainder when 23 is divided by 3.
2
What is the remainder when 5708 is divided by 301?
290
Calculate the remainder when 11177 is divided by 1014.
23
What is the remainder when 9620 is divided by 3206?
2
Calculate the remainder when 1908 is divided by 126.
18
Calculate the remainder when 41863 is divided by 509.
125
Calculate the remainder when 1256712 is divided by 261.
258
What is the remainder when 15049 is divided by 201?
175
What is the remainder when 13404 is divided by 3315?
144
Calculate the remainder when 87812 is divided by 87767.
45
Calculate the remainder when 19031 is divided by 18911.
120
Calculate the remainder when 151233 is divided by 50407.
12
Calculate the remainder when 35338 is divided by 8.
2
What is the remainder when 399572 is divided by 76?
40
What is the remainder when 1024 is divided by 27?
25
What is the remainder when 413446 is divided by 42?
40
Calculate the remainder when 1230121 is divided by 334.
333
What is the remainder when 144242 is divided by 5?
2
Calculate the remainder when 62589 is divided by 4457.
191
Calculate the remainder when 4619 is divided by 95.
59
Calculate the remainder when 89065 is divided by 27.
19
What is the remainder when 967 is divided by 17?
15
Calculate the remainder when 22557 is divided by 141.
138
Calculate the remainder when 74139 is divided by 83.
20
Calculate the remainder when 25889 is divided by 762.
743
What is the remainder when 12933 is divided by 182?
11
What is the remainder when 93726 is divided by 32?
30
Calculate the remainder when 56472 is divided by 9.
6
Calculate the remainder when 178790 is divided by 43.
39
Calculate the remainder when 66967 is divided by 233.
96
What is the remainder when 76620 is divided by 25?
20
What is the remainder when 11066 is divided by 194?
8
What is the remainder when 189473 is divided by 120?
113
Calculate the remainder when 5003 is divided by 631.
586
Calculate the remainder when 1084 is divided by 284.
232
Calculate the remainder when 39423 is divided by 26.
7
What is the remainder when 29145 is divided by 18?
3
What is the remainder when 24177 is divided by 130?
127
Calculate the remainder when 4336 is divided by 1800.
736
What is the remainder when 35370 is divided by 11776?
42
What is the remainder when 1681 is divided by 1660?
21
Calculate the remainder when 39078 is divided by 767.
728
Calculate the remainder when 90284 is divided by 24.
20
Calculate the remainder when 39527 is divided by 61.
60
What is the remainder when 6672 is divided by 1647?
84
Calculate the remainder when 462227 is divided by 85.
82
Calculate the remainder when 154030 is divided by 22002.
16
Calculate the remainder when 666167 is divided by 12.
11
Calculate the remainder when 3062 is divided by 140.
122
What is the remainder when 319607 is divided by 79884?
71
What is the remainder when 15402 is divided by 67?
59
What is the remainder when 9151 is divided by 51?
22
What is the remainder when 226624 is divided by 642?
640
Calculate the remainder when 1595 is divided by 124.
107
What is the remainder when 73329 is divided by 1833?
9
What is the remainder when 132647 is divided by 5526?
23
Calculate the remainder when 731342 is divided by 181.
102
What is the remainder when 25988 is divided by 115?
113
What is the remainder when 400953 is divided by 16?
9
Wh